{"id":3295,"date":"2015-03-02T14:50:48","date_gmt":"2015-03-02T14:50:48","guid":{"rendered":"http:\/\/froehlich-metallbau.de\/?page_id=3295"},"modified":"2015-03-02T15:57:35","modified_gmt":"2015-03-02T15:57:35","slug":"impressum","status":"publish","type":"page","link":"https:\/\/www.froehlich-metallbau.de\/?page_id=3295","title":{"rendered":"Impressum"},"content":{"rendered":"<section  class='av_textblock_section av-av_textblock-0366cc7376be6c9e82a3e9cc8987b64f '   itemscope=\"itemscope\" itemtype=\"https:\/\/schema.org\/CreativeWork\" ><div class='avia_textblock'  itemprop=\"text\" ><p>Inhaltlich verantwortlich:<br \/>\n<strong>Kai Fr\u00f6hlich<\/strong><br \/>\nDipl.-Ing. (FH) Stahl- u. Metallbau<br \/>\nSchwei\u00dffachingenieur (SFI)<br \/>\n<strong>Beelitzer Str. 9<\/strong><br \/>\n<strong>D-14558 Nuthetal (OT Saarmund)<\/strong><\/p>\n<hr \/>\n<p>Finanzamt Potsdam<br \/>\nSteuernummer: 046\/220\/16201<br \/>\nUSt-ID-Nr.: DE297806386<br \/>\nMitglied der Handwerkskammer Potsdam: Betriebsnummer 100970<\/p>\n<hr \/>\n<p>Haftungsausschluss<br \/>\n1. Inhalt des Onlineangebotes<br \/>\nDer Autor \u00fcbernimmt keinerlei Gew\u00e4hr f\u00fcr die Aktualit\u00e4t, Korrektheit, Vollst\u00e4ndigkeit oder Qualit\u00e4t der bereitgestellten Informationen. Haftungsanspr\u00fcche gegen den Autor, welche sich auf Sch\u00e4den materieller oder ideeller Art beziehen, die durch die Nutzung oder Nichtnutzung der dargebotenen Informationen bzw. durch die Nutzung fehlerhafter und unvollst\u00e4ndiger Informationen verursacht wurden, sind grunds\u00e4tzlich ausgeschlossen, sofern seitens des Autors kein nachweislich vors\u00e4tzliches oder grob fahrl\u00e4ssiges Verschulden vorliegt. Alle Angebote sind freibleibend und unverbindlich. Der Autor beh\u00e4lt es sich ausdr\u00fccklich vor, Teile der Seiten oder das gesamte Angebot ohne gesonderte Ank\u00fcndigung zu ver\u00e4ndern, zu erg\u00e4nzen, zu l\u00f6schen oder die Ver\u00f6ffentlichung zeitweise oder endg\u00fcltig einzustellen.<\/p>\n<p>2. Verweise und Links<br \/>\nBei direkten oder indirekten Verweisen auf fremde Internetseiten (&#8222;Links&#8220;), die au\u00dferhalb des Verantwortungsbereiches des Autors liegen, w\u00fcrde eine Haftungsverpflichtung ausschlie\u00dflich in dem Fall in Kraft treten, in dem der Autor von den Inhalten Kenntnis hat und es ihm technisch m\u00f6glich und zumutbar w\u00e4re, die Nutzung im Falle rechtswidriger Inhalte zu verhindern.<br \/>\nDer Autor erkl\u00e4rt hiermit ausdr\u00fccklich, dass zum Zeitpunkt der Linksetzung keine illegalen Inhalte auf den zu verlinkenden Seiten erkennbar waren. Auf die aktuelle und zuk\u00fcnftige Gestaltung, die Inhalte oder die Urheberschaft der gelinkten\/verkn\u00fcpften Seiten hat der Autor keinerlei Einfluss. Deshalb distanziert er sich hiermit ausdr\u00fccklich von allen Inhalten aller gelinkten\/verkn\u00fcpften Seiten, die nach der Linksetzung ver\u00e4ndert wurden. Diese Feststellung gilt f\u00fcr alle innerhalb des eigenen Internetangebotes gesetzten Links und Verweise sowie f\u00fcr Fremdeintr\u00e4ge in vom Autor eingerichteten G\u00e4steb\u00fcchern, Diskussionsforen und Mailinglisten. F\u00fcr illegale, fehlerhafte oder unvollst\u00e4ndige Inhalte und insbesondere f\u00fcr Sch\u00e4den, die aus der Nutzung oder Nichtnutzung solcherart dargebotener Informationen entstehen, haftet allein der Anbieter der Seite, auf welche verwiesen wurde, nicht derjenige, der \u00fcber Links auf die jeweilige Ver\u00f6ffentlichung lediglich verweist.<\/p>\n<p>3. Urheber- und Kennzeichenrecht<br \/>\nDer Autor ist bestrebt, in allen Publikationen die Urheberrechte der verwendeten Grafiken, Tondokumente, Videosequenzen und Texte zu beachten, von ihm selbsterstellte Grafiken, Ton-dokumente, Videosequenzen und Texte zu nutzen oder auf lizenzfreie Grafiken, Tondokumente, Videosequenzen und Texte zur\u00fcckzugreifen. Alle innerhalb des Internetangebotes genannten und ggf. durch Dritte gesch\u00fctzten Marken- und Warenzeichen unterliegen uneingeschr\u00e4nkt den Bestimmungen des jeweils g\u00fcltigen Kennzeichenrechts und den Besitzrechten der jeweiligen eingetragenen Eigent\u00fcmer. Allein aufgrund der blo\u00dfen Nennung ist nicht der Schluss zu ziehen, dass Markenzeichen nicht durch Rechte Dritter gesch\u00fctzt sind!<br \/>\nDas Copyright f\u00fcr ver\u00f6ffentlichte, vom Autor selbst erstellte Objekte bleibt allein beim Autor der Seiten. Eine Vervielf\u00e4ltigung oder Verwendung solcher Grafiken, Tondokumente, Videosequenzen und Texte in anderen elektronischen oder gedruckten Publikationen ist ohne ausdr\u00fcckliche Zustimmung des Autors nicht gestattet.<\/p>\n<p>4. Datenschutz<br \/>\nSofern innerhalb des Internetangebotes die M\u00f6glichkeit zur Eingabe pers\u00f6nlicher oder gesch\u00e4ftlicher Daten (Emailadressen, Namen, Anschriften) besteht, so erfolgt die Preisgabe dieser Daten seitens des Nutzers auf ausdr\u00fccklich freiwilliger Basis. Die Inanspruchnahme und Bezahlung aller angebotenen Dienste ist &#8211; soweit technisch m\u00f6glich und zumutbar &#8211; auch ohne Angabe solcher Daten bzw. unter Angabe anonymisierter Daten oder eines Pseudonyms gestattet.<\/p>\n<p>Datenschutzbestimmungen<br \/>\nDatenschutzerkl\u00e4rung<br \/>\nVielen Dank f\u00fcr Ihr Interesse an unserem Onlineauftritt. Der Schutz Ihrer pers\u00f6nlichen Daten liegt uns sehr am Herzen. An dieser Stelle m\u00f6chten wir Sie daher \u00fcber den Datenschutz in unserem Unternehmen informieren. Selbstverst\u00e4ndlich beachten wir die gesetzlichen Bestimmungen des Datenschutzgesetzes (BDSG) des Telemediengesetzes (TMG) und anderer datenschutzrechtlicher Bestimmungen.<\/p>\n<p>Gegenstand des Datenschutzes<br \/>\nGegenstand des Datenschutzes sind personenbezogene Daten. Diese sind nach \u00a7 3 Abs. 1 BDSG Einzelangaben \u00fcber pers\u00f6nlich oder sachliche Verh\u00e4ltnisse einer bestimmten oder bestimmbaren nat\u00fcrlichen Person. Hierunter fallen z. B. Angaben wie Name, Post-Adresse, E-Mail-Adresse oder Telefonnummer, ggf. aber auch Nutzungsdaten wie Ihre IP-Adresse.<\/p>\n<p>Umfang der Datenerhebung und -speicherung<br \/>\nIm Allgemeinen ist es f\u00fcr die Nutzung unserer Internetseite nicht erforderlich, dass Sie personenbezogene Daten angeben. Sollten Sie mit uns in Kontakt treten wollen und m\u00f6chten Sie von uns eine Antwort auf eine Frage erhalten, m\u00fcssen Sie jedoch mindestens Ihre E-Mail-Adresse angeben. Die Nutzung des Feedback-Systems Uservoice setzt ebenfalls die Angabe einer E-Mail-Adresse oder die Anmeldung mit einem vorhandenen Facebook- oder Google-Konto voraus. Weitere Informationen hierzu lesen Sie unter dem Abschnitt Uservoice.<\/p>\n<p>Alle weiteren Formulare wie Kommentare verwenden Sie bitte ausschlie\u00dflich mit Angabe eines Pseudonyms anstelle Ihres Namens. Wenn Sie uns mit der Erbringung einer Dienstleistung beauftragen, erheben und speichern wir Ihre pers\u00f6nlichen Daten grunds\u00e4tzlich nur, soweit es f\u00fcr die Erbringung der Dienstleistung oder die Durchf\u00fchrung des Vertrages notwendig ist. Dazu kann es erforderlich sein, Ihre pers\u00f6nlichen Daten an Unternehmen weiterzugeben, die wir zur Erbringung der Dienstleistung oder zur Vertragsabwicklung einsetzen. Dies sind z. B. Transportunternehmen oder andere Service-Dienste. Nach vollst\u00e4ndiger Vertragsabwicklung werden Ihre Daten gesperrt und nach Ablauf der steuer- und handelsrechtlichen Vorschriften gel\u00f6scht, sofern Sie nicht ausdr\u00fccklich einer dar\u00fcber hinausgehende Datenverwendung zugestimmt haben.<\/p>\n<p>Location-Based-Services<br \/>\nEinzelne Seiten der Website k\u00f6nnen sogenannte Location-Based-Services enthalten. Hier wird anhand Ihres aktuellen Standortes ein individueller Inhalt f\u00fcr Sie erstellt. Bevor Ihr Standort, vielmehr die Koordinaten Ihres Standortes, an uns \u00fcbermittelt werden, m\u00fcssen Sie dem explizit zustimmen. Hierzu wird ein kleines Dialogfenster von Ihrem Browser angezeigt. Ihren Standort verwenden wir ausschlie\u00dflich zum Erzeugen der indivuduellen Website. Der Standort wird von uns nicht gespeichert.<\/p>\n<p>Daten-Erhebung durch Nutzung von Google-Analytics<br \/>\nUnsere Webseite benutzt Google-Analytics, einen Webanalysedienst, der Google inc. Google-Analytics verwendet sogenannte \u201eCookies\u201c. Dabei handelt es sich um Textdateien, die auf Ihrem Computer gespeichert werden und die eine Analyse ihrer Benutzung der Website erm\u00f6glicht. Erfasst werden beispielsweise Informationen zum Betriebssystem, zum Browser, Ihrer IP-Adresse, die von Ihnen zuvor aufgerufene Webseite (Referrer-URL) und Datum und Uhrzeit Ihres Besuchs auf unserer Webseite. Die durch diese Textdatei erzeugten Informationen \u00fcber die Benutzung unserer Webseite werden an einen Server von Google in den USA \u00fcbertragen und dort gespeichert. Google wird diese Information benutzen, um Ihre Nutzung unserer Webseite auszuwerten, um Reports \u00fcber die Webseitenaktivit\u00e4t f\u00fcr die Webseitenbetreiber zusammen zu stellen und um weitere mit der Webseitennutzung und der Internetnutzung verbundenen Dienstleistungen zu erbringen. Sofern dies gesetzlich vorgeschrieben ist oder soweit Dritte diese Daten im Auftrag von Google verarbeiten, wird Google diese Information auch an diese Dritten weitergeben. Diese Nutzung erfolgt anonymisiert oder pseudonymisiert. N\u00e4here Informationen dar\u00fcber finden Sie direkt bei Google http:\/\/www.google.com\/intl\/de\/privacypolicy.html#information<\/p>\n<p>Wir nutzen die von Google angebotene M\u00f6glichkeit, IP-Adressen gek\u00fcrzt &#8211; also anonymisiert &#8211; an Google Analytics zu \u00fcbermitteln.<\/p>\n<p>M\u00f6chten Sie verhindern, dass Ihr Besuch durch Google Analytics aufgezeichnet wird, k\u00f6nnen Sie eine von Google bereitgestellte Erweiterung f\u00fcr Ihren Webbrowser installieren:http:\/\/tools.google.com\/dlpage\/gaoptout?hl=de<\/p>\n<p>Erhebung und Speicherung von Nutzungsdaten<br \/>\nZur Optimierung unserer Webseite sammeln und speichern wir Daten wie z. B. Datum und Uhrzeit des Seitenaufrufs, die Seite, von der Sie unsere Seite aufgerufen haben und \u00e4hnliches, sofern Sie dieser Datenerhebung und -speicherung nicht widersprechen. Dies erfolgt anonymisiert, ohne den Benutzer der Seite pers\u00f6nlich zu identifizieren. Ggf. werden Nutzerprofile mittels eines Pseudonyms erstellt. Auch hierbei erfolgt keine Verbindung zwischen der hinter dem Pseudonym stehenden nat\u00fcrlichen Personen mit den erhobenen Nutzungsdaten zur Erhebung und Speicherung der Nutzungsdaten setzen wir auch Cookies ein. Dabei handelt es sich um kleine Textdateien, die auf Ihrem Computer gespeichert werden und zur Speicherung von statistischen Information wie Betriebssystem, Ihrem Internetbenutzungsprogramm (Browser), IP-Adresse, der zuvor aufgerufene Webseite (Referrer-URL) und der Uhrzeit dienen. Diese Daten erheben wir ausschlie\u00dflich, zu statistischen Zwecken, um unseren Internetauftritt weiter zu optimieren und unsere Internetangebote noch attraktiver gestalten zu k\u00f6nnen. Die Erhebung und Speicherung erfolgt ausschlie\u00dflich in anonymisierter oder pseudonymisierter Form und l\u00e4sst keinen R\u00fcckschluss auf Sie als nat\u00fcrlich Person zu.<\/p>\n<p>Google benutzt das DoubleClick DART-Cookie<br \/>\nNutzer k\u00f6nnen die Verwendung des DART-Cookies deaktivieren, indem sie die Datenschutzbestimmungen des Werbenetzwerks und Content-Werbenetzwerks von Google aufrufen: http:\/\/www.google.de\/privacy_ads.html. Dabei werden keinerlei unmittelbare pers\u00f6nliche Daten des Nutzers gespeichert, sondern nur die Internetprotokoll\u2013Adresse. Diese Informationen dienen dazu, Sie bei Ihrem n\u00e4chsten Besuch auf unseren Websites automatisch wiederzuerkennen und Ihnen die Navigation zu erleichtern. Cookies erlauben es uns beispielsweise, eine Website Ihren Interessen anzupassen oder Ihr Kennwort zu speichern, damit Sie es nicht jedes Mal neu eingeben m\u00fcssen. Selbstverst\u00e4ndlich k\u00f6nnen Sie unsere Websites auch ohne Cookies betrachten. Wenn Sie nicht m\u00f6chten, dass wir Ihren Computer wiedererkennen, k\u00f6nnen Sie das Speichern von Cookies auf Ihrer Festplatte verhindern, indem Sie in Ihren Browser-Einstellungen &#8222;keine Cookies akzeptieren&#8220; w\u00e4hlen. Wie das im einzelnen funktioniert, entnehmen Sie bitte der Anleitung Ihres Browser-Herstellers. Wenn Sie keine Cookies akzeptieren, kann dieses aber zu Funktionseinschr\u00e4nkungen unserer Angebote f\u00fchren. Sie k\u00f6nnen die Installation der Cookies durch eine entsprechende Einstellung Ihres Internetsbenutzungsprogramms (Browser) verhindern. Dazu m\u00fcssen Sie in Ihrem Internet-Browser die Speicherung von Cookies ausschalten. N\u00e4here Informationen hierzu \u00fcbernehmen Sie bitte den Benutzungshinweisen Ihres Internet-Browsers.<\/p>\n<p>Einbindung von Werbeanzeigen\/Google-Werbeanzeigen<br \/>\nWir greifen auf Drittanbieter zur\u00fcck, um Anzeigen zu schalten, wenn Sie unsere Website besuchen. Diese Unternehmen nutzen m\u00f6glicherweise Informationen (dies schlie\u00dft nicht Ihren Namen, Ihre Adresse, E-Mail-Adresse oder Telefonnummer ein) zu Ihren Besuchen dieser und anderer Websites, damit Anzeigen zu Produkten und Diensten geschaltet werden k\u00f6nnen, die Sie interessieren. Falls Sie mehr \u00fcber diese Methoden erfahren m\u00f6chten oder wissen m\u00f6chten, welche M\u00f6glichkeiten Sie haben, damit diese Informationen nicht von den Unternehmen verwendet werden k\u00f6nnen, klicken Sie hier:<\/p>\n<p>Facebook<br \/>\nAuf unseren Seiten sind Plugins des sozialen Netzwerks Facebook, 1601 South California Avenue, Palo Alto, CA 94304, USA integriert. Die Facebook-Plugins erkennen Sie an dem Facebook-Logo oder dem &#8222;Like-Button&#8220; (&#8222;Gef\u00e4llt mir\u201c) auf unserer Seite. Eine \u00dcbersicht \u00fcber die Facebook-Plugins finden Sie hier: http:\/\/developers.facebook.com\/docs\/plugins\/ Wenn Sie unsere Seiten besuchen, wird \u00fcber das Plugin eine direkte Verbindung zwischen Ihrem Browser und dem Facebook-Server hergestellt. Facebook erh\u00e4lt dadurch die Information, dass Sie mit Ihrer IP-Adresse unsere Seite besucht haben. Wenn Sie den Facebook \u201eLike-Button\u201c anklicken w\u00e4hrend Sie in Ihrem Facebook-Account eingeloggt sind, k\u00f6nnen Sie die Inhalte unserer Seiten auf Ihrem Facebook-Profil verlinken. Dadurch kann Facebook den Besuch unserer Seiten Ihrem Benutzerkonto zuordnen. Wir weisen darauf hin, dass wir als Anbieter der Seiten keine Kenntnis vom Inhalt der \u00fcbermittelten Daten sowie deren Nutzung durch Facebook erhalten. Weitere Informationen hierzu finden Sie in der Datenschutzerkl\u00e4rung von facebook unter http:\/\/de-de.facebook.com\/policy.php<\/p>\n<p>Wenn Sie nicht w\u00fcnschen, dass Facebook den Besuch unserer Seiten Ihrem Facebook-Nutzerkonto zuordnen kann, loggen Sie sich bitte aus Ihrem Facebook-Benutzerkonto aus.<\/p>\n<p>Twitter<br \/>\nAuf unseren Seiten sind Funktionen des Dienstes Twitter eingebunden. Diese Funktionen werden angeboten durch die Twitter Inc., 795 Folsom St., Suite 600, San Francisco, CA 94107, USA. Durch das Benutzen von Twitter und der Funktion &#8222;Re-Tweet&#8220; werden die von Ihnen besuchten Webseiten mit Ihrem Twitter-Account verkn\u00fcpft und anderen Nutzern bekannt gegeben. Dabei werden auch Daten an Twitter \u00fcbertragen.<\/p>\n<p>Wir weisen darauf hin, dass wir als Anbieter der Seiten keine Kenntnis vom Inhalt der \u00fcbermittelten Daten sowie deren Nutzung durch Twitter erhalten. Weitere Informationen hierzu finden Sie in der Datenschutzerkl\u00e4rung von Twitter unter http:\/\/twitter.com\/privacy.<\/p>\n<p>Ihre Datenschutzeinstellungen bei Twitter k\u00f6nnen Sie in den Konto-Einstellungen unterhttp:\/\/twitter.com\/account\/settings \u00e4ndern.<\/p>\n<p>Der Google +1-Button<br \/>\nDieser Internetauftritt verwendet den +1-Button von google.com, welcher von der Google Inc., 1600 Amphitheatre Parkway, Mountain View, CA 94043, USA (\u201cGoogle\u201d) betrieben wird. Der Button ist mit dem Zusatz \/ Logo \u201c+1\u2033 gekennzeichnet.<\/p>\n<p>Wenn eine Webseite unseres Internetauftritts aufgerufen wird, auf welcher ein solcher Button eingebaut wurde, baut der Browser eine direkte Verbindung mit den Servern von Google auf. Der Button wird von Google direkt an den Browser \u00fcbermittelt und von diesem in die Webseite eingebunden. Durch die Einbindung der Buttons erh\u00e4lt Google die Information, dass die entsprechende Seite des Internetauftritts aufgerufen wurde. Ist der Besucher der jeweiligen Webseite zum Zeitpunkt seines Besuchs bei Google eingeloggt, kann Google den Besuch dem Google-Konto des Nutzers zuordnen. Wird der Button angeklickt, wird die entsprechende Information vom Browser direkt an Google \u00fcbermittelt und dort gespeichert.<br \/>\nZweck und Umfang der Datenerhebung und die weitere Verarbeitung und Nutzung der Daten durch Google sowie die diesbez\u00fcglichen Rechte des Nutzers und Einstellungsm\u00f6glichkeiten zum Schutz seiner Privatsph\u00e4re ist bitte den diesbez\u00fcglichen Datenschutzhinweisen von Google zu entnehmen. W\u00fcnscht der Nutzer nicht, dass Google \u00fcber die besuchte Webseite des Internetauftritts Daten \u00fcber den Nutzer sammelt, muss sich der Besucher vor seinem Besuch dieser Webseiten des Internetauftritts bei Google ausloggen.<\/p>\n<p>Zweckgebundene Datenverwendung<br \/>\nWir beachten den Grundsatz der zweckgebundenen Daten-Verwendung und erheben, verarbeiten und speichern Ihre personenbezogenen Daten nur f\u00fcr die Zwecke, f\u00fcr die Sie sie uns mitgeteilt haben. Eine Weitergabe Ihrer pers\u00f6nlichen Daten an Dritte erfolgt ohne Ihre ausdr\u00fcckliche Einwilligung nicht, sofern dies nicht zur Erbringung der Dienstleistung oder zur Vertragsdurchf\u00fchrung notwendig ist. Auch die \u00dcbermittlung an auskunftsberechtigte staatliche Institution und Beh\u00f6rden erfolgt nur im Rahmen der gesetzlichen Auskunftspflichten oder wenn wir durch eine gerichtliche Entscheidung zur Auskunft verpflichtet werden. Auch den unternehmensinternen Datenschutz nehmen wir sehr ernst. Unsere Mitarbeiter und die von uns beauftragten Dienstleistungsunternehmen sind von uns zur Verschwiegenheit und zur Einhaltung der datenschutzrechtlichen Bestimmungen verpflichtet worden.<br \/>\nUservoice<br \/>\nfactory-outlets.org nutzt zur technischen Umsetzung des Kundenfeedbacks ein Produkt der UserVoice, Inc 425 Bush St., Suite 600 San Francisco, CA 94108, USA. Wenn Sie eine Seite laden, auf der am rechten Bildschrimrand das Feedback-Symbol erscheint, baut Ihr Rechner eine Verbindung zu Usevoice auf. Wenn Sie die Feedback-Funktion nutzen, dann wird eine Verbindung zu den IT-Systemen von UserVoice aufgebaut und die von Ihnen dort eingegebenen Daten dort gespeichert. Wenn Sie sich \u00fcber Ihr Facebook oder \u00fcber Ihr bestehendes GoogleMail-Konto zur Nutzung der Feedback-Funktionen anmelden, dann wird hierzu eine Verbindung zum Facebook-Server oder dem GoogleMail-Server aufgebaut und die zur Identifizierung erforderlichen Daten ausgetauscht. Soweit Sie dabei als Mitglied bei Facebook eingeloggt sind, ordnet Facebook diese Information Ihrem pers\u00f6nlichen Facebook-Benutzerkonto zu, was Sie nur durch Ausloggen vor Nutzung der Feedback-Funktion verhindern k\u00f6nnen. Mehr Informationen zur Erhebung und Nutzung der Daten durch Facebook und Google finden Sie oben in den entsprechenden Abs\u00e4tzen; weitere Informationen zu UserVoice unter http:\/\/uservoice.com\/privacy#aliens<\/p>\n<p>Auskunft- und Widerrufsrecht<br \/>\nSie erhalten jederzeit ohne Angabe von Gr\u00fcnden kostenfrei Auskunft \u00fcber Ihre bei uns gespeicherten Daten. Sie k\u00f6nnen jederzeit Ihre bei uns erhobenen Daten sperren, berichtigen oder l\u00f6schen lassen und der anonymisierten oder pseudonymisierten Datenerhebung und -speicherung zu Optimierungszwecken unserer Website widersprechen. Auch k\u00f6nnen Sie jederzeit die uns erteilte Einwilligung zur Datenerhebung und Verwendung ohne Angaben von Gr\u00fcnden widerrufen. Wenden Sie sich hierzu bitte an die im Impressum angegebene Kontaktadresse. Wir stehen Ihnen jederzeit gern f\u00fcr weitergehende Fragen zu unserem Hinweisen zum Datenschutz und zur Verarbeitung Ihrer pers\u00f6nlichen Daten zur Verf\u00fcgung.<\/p>\n<p>Quellen: www.datenschutzerklaerung-online.de<br \/>\nwww.e-recht24.de<\/p>\n<p>5. Rechtswirksamkeit dieses Haftungsausschlusses<br \/>\nDieser Haftungsausschluss ist als Teil des Internetangebotes zu betrachten, von dem aus auf diese Seite verwiesen wurde. Sofern Teile oder einzelne Formulierungen dieses Textes der geltenden Rechtslage nicht, nicht mehr oder nicht vollst\u00e4ndig entsprechen sollten, bleiben die \u00fcbrigen Teile des Dokumentes in ihrem Inhalt und ihrer G\u00fcltigkeit davon unber\u00fchrt.<\/p>\n<\/div><\/section>\n","protected":false},"excerpt":{"rendered":"","protected":false},"author":1,"featured_media":0,"parent":0,"menu_order":0,"comment_status":"closed","ping_status":"closed","template":"","meta":{"footnotes":""},"class_list":["post-3295","page","type-page","status-publish","hentry"],"_links":{"self":[{"href":"https:\/\/www.froehlich-metallbau.de\/index.php?rest_route=\/wp\/v2\/pages\/3295","targetHints":{"allow":["GET"]}}],"collection":[{"href":"https:\/\/www.froehlich-metallbau.de\/index.php?rest_route=\/wp\/v2\/pages"}],"about":[{"href":"https:\/\/www.froehlich-metallbau.de\/index.php?rest_route=\/wp\/v2\/types\/page"}],"author":[{"embeddable":true,"href":"https:\/\/www.froehlich-metallbau.de\/index.php?rest_route=\/wp\/v2\/users\/1"}],"replies":[{"embeddable":true,"href":"https:\/\/www.froehlich-metallbau.de\/index.php?rest_route=%2Fwp%2Fv2%2Fcomments&post=3295"}],"version-history":[{"count":4,"href":"https:\/\/www.froehlich-metallbau.de\/index.php?rest_route=\/wp\/v2\/pages\/3295\/revisions"}],"predecessor-version":[{"id":3309,"href":"https:\/\/www.froehlich-metallbau.de\/index.php?rest_route=\/wp\/v2\/pages\/3295\/revisions\/3309"}],"wp:attachment":[{"href":"https:\/\/www.froehlich-metallbau.de\/index.php?rest_route=%2Fwp%2Fv2%2Fmedia&parent=3295"}],"curies":[{"name":"wp","href":"https:\/\/api.w.org\/{rel}","templated":true}]}}